{"id":1387,"date":"2023-11-15T19:53:47","date_gmt":"2023-11-15T19:53:47","guid":{"rendered":"https:\/\/sgneuhaeusel.de\/?page_id=1387"},"modified":"2025-09-15T14:59:06","modified_gmt":"2025-09-15T14:59:06","slug":"badminton","status":"publish","type":"page","link":"https:\/\/sgneuhaeusel.de\/?page_id=1387","title":{"rendered":"Abteilung Badminton"},"content":{"rendered":"\t\t<div data-elementor-type=\"wp-page\" data-elementor-id=\"1387\" class=\"elementor elementor-1387\">\n\t\t\t\t\t\t<section class=\"elementor-section elementor-top-section elementor-element elementor-element-0eafd1d elementor-section-boxed elementor-section-height-default elementor-section-height-default\" data-id=\"0eafd1d\" data-element_type=\"section\" data-e-type=\"section\">\n\t\t\t\t\t\t<div class=\"elementor-container elementor-column-gap-default\">\n\t\t\t\t\t<div class=\"elementor-column elementor-col-100 elementor-top-column elementor-element elementor-element-0c6e514\" data-id=\"0c6e514\" data-element_type=\"column\" data-e-type=\"column\">\n\t\t\t<div class=\"elementor-widget-wrap elementor-element-populated\">\n\t\t\t\t\t\t<div class=\"elementor-element elementor-element-bd3bc11 elementor-widget elementor-widget-text-editor\" data-id=\"bd3bc11\" data-element_type=\"widget\" data-e-type=\"widget\" data-widget_type=\"text-editor.default\">\n\t\t\t\t<div class=\"elementor-widget-container\">\n\t\t\t\t\t\t\t\t\t<p style=\"text-align: center;\"><span style=\"color: #000000;\">Informiere dich hier \u00fcber unseren Spielplan:<br \/><\/span><span style=\"color: #000000;\">&lt;<a style=\"color: #000000;\" href=\"https:\/\/bvr-badminton.liga.nu\/cgi-bin\/WebObjects\/nuLigaBADDE.woa\/wa\/teamPortrait?teamtable=223721&amp;pageState=vorrunde&amp;championship=RMM+25%2F26&amp;group=36055\">Spielplan der Saison 2025\/26<\/a>&gt;<br \/><\/span><span style=\"color: #000000;\"><a href=\"https:\/\/bvr-badminton.liga.nu\/cgi-bin\/WebObjects\/nuLigaBADDE.woa\/wa\/groupPage?championship=RMM+25%2F26&amp;group=36055\">&lt;Ergebnisse und Tabelle&gt;<\/a><\/span><\/p><p style=\"text-align: center;\">Besucht gerne unsere Seite auf Instagram:<\/p>\t\t\t\t\t\t\t\t<\/div>\n\t\t\t\t<\/div>\n\t\t\t\t<div class=\"elementor-element elementor-element-1a91a16 elementor-view-default elementor-widget elementor-widget-icon\" data-id=\"1a91a16\" data-element_type=\"widget\" data-e-type=\"widget\" data-widget_type=\"icon.default\">\n\t\t\t\t<div class=\"elementor-widget-container\">\n\t\t\t\t\t\t\t<div class=\"elementor-icon-wrapper\">\n\t\t\t<a class=\"elementor-icon\" href=\"https:\/\/www.instagram.com\/sgn.badminton?utm_source=ig_web_button_share_sheet&#038;igsh=ZDNlZDc0MzIxNw==\" target=\"_blank\">\n\t\t\t<i aria-hidden=\"true\" class=\"fab fa-instagram\"><\/i>\t\t\t<\/a>\n\t\t<\/div>\n\t\t\t\t\t\t<\/div>\n\t\t\t\t<\/div>\n\t\t\t\t\t<\/div>\n\t\t<\/div>\n\t\t\t\t\t<\/div>\n\t\t<\/section>\n\t\t\t\t<section class=\"elementor-section elementor-top-section elementor-element elementor-element-edbd217 elementor-section-full_width elementor-section-height-default elementor-section-height-default\" data-id=\"edbd217\" data-element_type=\"section\" data-e-type=\"section\">\n\t\t\t\t\t\t<div class=\"elementor-container elementor-column-gap-default\">\n\t\t\t\t\t<div class=\"elementor-column elementor-col-100 elementor-top-column elementor-element elementor-element-8fa3708\" data-id=\"8fa3708\" data-element_type=\"column\" data-e-type=\"column\">\n\t\t\t<div class=\"elementor-widget-wrap elementor-element-populated\">\n\t\t\t\t\t\t<div class=\"elementor-element elementor-element-24de5c1 elementor-widget__width-initial elementor-widget elementor-widget-image\" data-id=\"24de5c1\" data-element_type=\"widget\" data-e-type=\"widget\" data-widget_type=\"image.default\">\n\t\t\t\t<div class=\"elementor-widget-container\">\n\t\t\t\t\t\t\t\t\t\t\t\t\t\t\t<img fetchpriority=\"high\" decoding=\"async\" width=\"740\" height=\"555\" src=\"https:\/\/sgneuhaeusel.de\/wp-content\/uploads\/2024\/07\/Bild-Nr.-1-1024x768.jpg\" class=\"attachment-large size-large wp-image-1897\" alt=\"\" srcset=\"https:\/\/sgneuhaeusel.de\/wp-content\/uploads\/2024\/07\/Bild-Nr.-1-1024x768.jpg 1024w, https:\/\/sgneuhaeusel.de\/wp-content\/uploads\/2024\/07\/Bild-Nr.-1-300x225.jpg 300w, https:\/\/sgneuhaeusel.de\/wp-content\/uploads\/2024\/07\/Bild-Nr.-1-768x576.jpg 768w, https:\/\/sgneuhaeusel.de\/wp-content\/uploads\/2024\/07\/Bild-Nr.-1-1536x1152.jpg 1536w, https:\/\/sgneuhaeusel.de\/wp-content\/uploads\/2024\/07\/Bild-Nr.-1-2048x1536.jpg 2048w\" sizes=\"100vw\" \/>\t\t\t\t\t\t\t\t\t\t\t\t\t\t\t<\/div>\n\t\t\t\t<\/div>\n\t\t\t\t<div class=\"elementor-element elementor-element-0a74ad2 elementor-widget elementor-widget-text-editor\" data-id=\"0a74ad2\" data-element_type=\"widget\" data-e-type=\"widget\" data-widget_type=\"text-editor.default\">\n\t\t\t\t<div class=\"elementor-widget-container\">\n\t\t\t\t\t\t\t\t\t<p>\u00a0<\/p><p><span style=\"color: #000000;\"><strong>Herzlich Willkommen bei der Abteilung BADMINTON <\/strong><\/span><\/p><p><span style=\"color: #000000;\">Sehr geehrte Fans, Badmintonspielerinnen und Badmintonspieler, wir begr\u00fc\u00dfen Euch auf der Webseite der Badmintonabteilung der SG Neuh\u00e4usel.<em><br \/><\/em><\/span><\/p><p><span style=\"color: #000000;\">Wir sind ein breitensportlich orientierter Verein der interessierte Sch\u00fcler, Jugendliche und Erwachsene an den Badmintonsport heranf\u00fchren m\u00f6chte, um dem weit verbreiteten Bewegungsmangel entgegen zu treten und Spa\u00df zusammen zu haben.<\/span><br \/><span style=\"color: #000000;\">Badminton hilft Euch, eure motorischen F\u00e4higkeiten im Umgang mit einem Federball zu trainieren. Um erfolgreich zu spielen, muss man immer in Bewegung sein, einen guten Abstand zum Ball haben und beim Zur\u00fcckschlagen eine korrekte Bewegung ausf\u00fchren.<\/span><\/p><p><span style=\"color: #000000;\">Wenn Ihr uns kennenlernen m\u00f6chtet, besucht uns hier im Internet oder live donnerstags und sonntags beim Training in der Augst Halle in Neuh\u00e4usel. Weitere Informationen zu den Trainingszeiten siehe Link unten.<\/span><\/p>\t\t\t\t\t\t\t\t<\/div>\n\t\t\t\t<\/div>\n\t\t\t\t\t<\/div>\n\t\t<\/div>\n\t\t\t\t\t<\/div>\n\t\t<\/section>\n\t\t\t\t<section class=\"elementor-section elementor-top-section elementor-element elementor-element-6852302 elementor-section-boxed elementor-section-height-default elementor-section-height-default\" data-id=\"6852302\" data-element_type=\"section\" data-e-type=\"section\">\n\t\t\t\t\t\t<div class=\"elementor-container elementor-column-gap-default\">\n\t\t\t\t\t<div class=\"elementor-column elementor-col-100 elementor-top-column elementor-element elementor-element-0725b9e\" data-id=\"0725b9e\" data-element_type=\"column\" data-e-type=\"column\">\n\t\t\t<div class=\"elementor-widget-wrap elementor-element-populated\">\n\t\t\t\t\t\t<div class=\"elementor-element elementor-element-0a130d6 elementor-arrows-position-inside elementor-pagination-position-outside elementor-widget elementor-widget-image-carousel\" data-id=\"0a130d6\" data-element_type=\"widget\" data-e-type=\"widget\" data-settings=\"{&quot;navigation&quot;:&quot;both&quot;,&quot;autoplay&quot;:&quot;yes&quot;,&quot;pause_on_hover&quot;:&quot;yes&quot;,&quot;pause_on_interaction&quot;:&quot;yes&quot;,&quot;autoplay_speed&quot;:5000,&quot;infinite&quot;:&quot;yes&quot;,&quot;speed&quot;:500}\" data-widget_type=\"image-carousel.default\">\n\t\t\t\t<div class=\"elementor-widget-container\">\n\t\t\t\t\t\t\t<div class=\"elementor-image-carousel-wrapper swiper\" role=\"region\" aria-roledescription=\"carousel\" aria-label=\"Bild Karussell\" dir=\"ltr\">\n\t\t\t<div class=\"elementor-image-carousel swiper-wrapper\" aria-live=\"off\">\n\t\t\t\t\t\t\t\t<div class=\"swiper-slide\" role=\"group\" aria-roledescription=\"slide\" aria-label=\"1 von 7\"><figure class=\"swiper-slide-inner\"><img decoding=\"async\" class=\"swiper-slide-image\" src=\"https:\/\/sgneuhaeusel.de\/wp-content\/uploads\/2024\/07\/Bild-Nr.-2-150x150.jpg\" alt=\"Bild Nr. 2\" \/><\/figure><\/div><div class=\"swiper-slide\" role=\"group\" aria-roledescription=\"slide\" aria-label=\"2 von 7\"><figure class=\"swiper-slide-inner\"><img decoding=\"async\" class=\"swiper-slide-image\" src=\"https:\/\/sgneuhaeusel.de\/wp-content\/uploads\/2024\/07\/Bild-Nr.-3-150x150.jpg\" alt=\"Bild Nr. 3\" \/><\/figure><\/div><div class=\"swiper-slide\" role=\"group\" aria-roledescription=\"slide\" aria-label=\"3 von 7\"><figure class=\"swiper-slide-inner\"><img decoding=\"async\" class=\"swiper-slide-image\" src=\"https:\/\/sgneuhaeusel.de\/wp-content\/uploads\/2024\/07\/Bild-Nr.-4-150x150.jpg\" alt=\"Bild Nr. 4\" \/><\/figure><\/div><div class=\"swiper-slide\" role=\"group\" aria-roledescription=\"slide\" aria-label=\"4 von 7\"><figure class=\"swiper-slide-inner\"><img decoding=\"async\" class=\"swiper-slide-image\" src=\"https:\/\/sgneuhaeusel.de\/wp-content\/uploads\/2024\/07\/Bild-Nr.-5-150x150.jpg\" alt=\"Bild Nr. 5\" \/><\/figure><\/div><div class=\"swiper-slide\" role=\"group\" aria-roledescription=\"slide\" aria-label=\"5 von 7\"><figure class=\"swiper-slide-inner\"><img decoding=\"async\" class=\"swiper-slide-image\" src=\"https:\/\/sgneuhaeusel.de\/wp-content\/uploads\/2024\/07\/Bild-Nr.-6-150x150.jpg\" alt=\"Bild Nr. 6\" \/><\/figure><\/div><div class=\"swiper-slide\" role=\"group\" aria-roledescription=\"slide\" aria-label=\"6 von 7\"><figure class=\"swiper-slide-inner\"><img decoding=\"async\" class=\"swiper-slide-image\" src=\"https:\/\/sgneuhaeusel.de\/wp-content\/uploads\/2024\/07\/Bild-Nr.-8-150x150.jpg\" alt=\"Bild Nr. 8\" \/><\/figure><\/div><div class=\"swiper-slide\" role=\"group\" aria-roledescription=\"slide\" aria-label=\"7 von 7\"><figure class=\"swiper-slide-inner\"><img decoding=\"async\" class=\"swiper-slide-image\" src=\"https:\/\/sgneuhaeusel.de\/wp-content\/uploads\/2024\/07\/Bild-Nr.-7-150x150.jpg\" alt=\"Bild Nr. 7\" \/><\/figure><\/div>\t\t\t<\/div>\n\t\t\t\t\t\t\t\t\t\t\t\t<div class=\"elementor-swiper-button elementor-swiper-button-prev\" role=\"button\" tabindex=\"0\">\n\t\t\t\t\t\t<i aria-hidden=\"true\" class=\"eicon-chevron-left\"><\/i>\t\t\t\t\t<\/div>\n\t\t\t\t\t<div class=\"elementor-swiper-button elementor-swiper-button-next\" role=\"button\" tabindex=\"0\">\n\t\t\t\t\t\t<i aria-hidden=\"true\" class=\"eicon-chevron-right\"><\/i>\t\t\t\t\t<\/div>\n\t\t\t\t\n\t\t\t\t\t\t\t\t\t<div class=\"swiper-pagination\"><\/div>\n\t\t\t\t\t\t\t\t\t<\/div>\n\t\t\t\t\t\t<\/div>\n\t\t\t\t<\/div>\n\t\t\t\t\t<\/div>\n\t\t<\/div>\n\t\t\t\t\t<\/div>\n\t\t<\/section>\n\t\t\t\t<section class=\"elementor-section elementor-top-section elementor-element elementor-element-fe18a5d elementor-section-boxed elementor-section-height-default elementor-section-height-default\" data-id=\"fe18a5d\" data-element_type=\"section\" data-e-type=\"section\">\n\t\t\t\t\t\t<div class=\"elementor-container elementor-column-gap-default\">\n\t\t\t\t\t<div class=\"elementor-column elementor-col-100 elementor-top-column elementor-element elementor-element-6a34abb\" data-id=\"6a34abb\" data-element_type=\"column\" data-e-type=\"column\">\n\t\t\t<div class=\"elementor-widget-wrap elementor-element-populated\">\n\t\t\t\t\t\t<div class=\"elementor-element elementor-element-db1baf1 elementor-widget elementor-widget-text-editor\" data-id=\"db1baf1\" data-element_type=\"widget\" data-e-type=\"widget\" data-widget_type=\"text-editor.default\">\n\t\t\t\t<div class=\"elementor-widget-container\">\n\t\t\t\t\t\t\t\t\t<p><span style=\"color: #000000;\"><u>Wichtige Informationen<\/u><\/span><\/p><p style=\"text-align: center;\"><span style=\"color: #000000;\">Es l\u00e4uft die 68. Rheinlandmannschaftsmeisterschaft (RMM) 2025\/2026<br \/><\/span><span style=\"color: #000000;\"><a style=\"color: #000000;\" href=\"https:\/\/bvr-badminton.liga.nu\/cgi-bin\/WebObjects\/nuLigaBADDE.woa\/wa\/groupPage?championship=RMM+25%2F26&amp;group=36055\">&lt;Ergebnisse und Tabelle&gt;<\/a><\/span><\/p>\t\t\t\t\t\t\t\t<\/div>\n\t\t\t\t<\/div>\n\t\t\t\t\t<\/div>\n\t\t<\/div>\n\t\t\t\t\t<\/div>\n\t\t<\/section>\n\t\t\t\t<section class=\"elementor-section elementor-top-section elementor-element elementor-element-0c59de0 elementor-section-boxed elementor-section-height-default elementor-section-height-default\" data-id=\"0c59de0\" data-element_type=\"section\" data-e-type=\"section\">\n\t\t\t\t\t\t<div class=\"elementor-container elementor-column-gap-default\">\n\t\t\t\t\t<div class=\"elementor-column elementor-col-33 elementor-top-column elementor-element elementor-element-d65a737\" data-id=\"d65a737\" data-element_type=\"column\" data-e-type=\"column\">\n\t\t\t<div class=\"elementor-widget-wrap elementor-element-populated\">\n\t\t\t\t\t\t<div class=\"elementor-element elementor-element-a134fea elementor-widget elementor-widget-button\" data-id=\"a134fea\" data-element_type=\"widget\" data-e-type=\"widget\" data-widget_type=\"button.default\">\n\t\t\t\t<div class=\"elementor-widget-container\">\n\t\t\t\t\t\t\t\t\t<div class=\"elementor-button-wrapper\">\n\t\t\t\t\t<a class=\"elementor-button elementor-button-link elementor-size-sm\" href=\"https:\/\/sgneuhaeusel.de\/?page_id=1910\">\n\t\t\t\t\t\t<span class=\"elementor-button-content-wrapper\">\n\t\t\t\t\t\t\t\t\t<span class=\"elementor-button-text\">Trainingszeiten<\/span>\n\t\t\t\t\t<\/span>\n\t\t\t\t\t<\/a>\n\t\t\t\t<\/div>\n\t\t\t\t\t\t\t\t<\/div>\n\t\t\t\t<\/div>\n\t\t\t\t\t<\/div>\n\t\t<\/div>\n\t\t\t\t<div class=\"elementor-column elementor-col-33 elementor-top-column elementor-element elementor-element-c27ac66\" data-id=\"c27ac66\" data-element_type=\"column\" data-e-type=\"column\">\n\t\t\t<div class=\"elementor-widget-wrap elementor-element-populated\">\n\t\t\t\t\t\t<div class=\"elementor-element elementor-element-d1ab84b elementor-widget elementor-widget-button\" data-id=\"d1ab84b\" data-element_type=\"widget\" data-e-type=\"widget\" data-widget_type=\"button.default\">\n\t\t\t\t<div class=\"elementor-widget-container\">\n\t\t\t\t\t\t\t\t\t<div class=\"elementor-button-wrapper\">\n\t\t\t\t\t<a class=\"elementor-button elementor-button-link elementor-size-sm\" href=\"https:\/\/sgneuhaeusel.de\/?page_id=1908\">\n\t\t\t\t\t\t<span class=\"elementor-button-content-wrapper\">\n\t\t\t\t\t\t\t\t\t<span class=\"elementor-button-text\">Veranstaltungen<\/span>\n\t\t\t\t\t<\/span>\n\t\t\t\t\t<\/a>\n\t\t\t\t<\/div>\n\t\t\t\t\t\t\t\t<\/div>\n\t\t\t\t<\/div>\n\t\t\t\t\t<\/div>\n\t\t<\/div>\n\t\t\t\t<div class=\"elementor-column elementor-col-33 elementor-top-column elementor-element elementor-element-be9bab7\" data-id=\"be9bab7\" data-element_type=\"column\" data-e-type=\"column\">\n\t\t\t<div class=\"elementor-widget-wrap elementor-element-populated\">\n\t\t\t\t\t\t<div class=\"elementor-element elementor-element-32a3916 elementor-widget elementor-widget-button\" data-id=\"32a3916\" data-element_type=\"widget\" data-e-type=\"widget\" data-widget_type=\"button.default\">\n\t\t\t\t<div class=\"elementor-widget-container\">\n\t\t\t\t\t\t\t\t\t<div class=\"elementor-button-wrapper\">\n\t\t\t\t\t<a class=\"elementor-button elementor-button-link elementor-size-sm\" href=\"https:\/\/sgneuhaeusel.de\/?page_id=1912\">\n\t\t\t\t\t\t<span class=\"elementor-button-content-wrapper\">\n\t\t\t\t\t\t\t\t\t<span class=\"elementor-button-text\">Badmintongeschichte<\/span>\n\t\t\t\t\t<\/span>\n\t\t\t\t\t<\/a>\n\t\t\t\t<\/div>\n\t\t\t\t\t\t\t\t<\/div>\n\t\t\t\t<\/div>\n\t\t\t\t\t<\/div>\n\t\t<\/div>\n\t\t\t\t\t<\/div>\n\t\t<\/section>\n\t\t\t\t<section class=\"elementor-section elementor-top-section elementor-element elementor-element-4462804 elementor-section-boxed elementor-section-height-default elementor-section-height-default\" data-id=\"4462804\" data-element_type=\"section\" data-e-type=\"section\">\n\t\t\t\t\t\t<div class=\"elementor-container elementor-column-gap-default\">\n\t\t\t\t\t<div class=\"elementor-column elementor-col-100 elementor-top-column elementor-element elementor-element-9c7774f\" data-id=\"9c7774f\" data-element_type=\"column\" data-e-type=\"column\">\n\t\t\t<div class=\"elementor-widget-wrap\">\n\t\t\t\t\t\t\t<\/div>\n\t\t<\/div>\n\t\t\t\t\t<\/div>\n\t\t<\/section>\n\t\t\t\t<\/div>\n\t\t","protected":false},"excerpt":{"rendered":"<p>Informiere dich hier \u00fcber unseren Spielplan:&lt;Spielplan der Saison 2025\/26&gt;&lt;Ergebnisse und Tabelle&gt; Besucht gerne unsere Seite auf Instagram: \u00a0 Herzlich Willkommen bei der Abteilung BADMINTON Sehr geehrte Fans, Badmintonspielerinnen und Badmintonspieler, wir begr\u00fc\u00dfen Euch auf der Webseite der Badmintonabteilung der SG Neuh\u00e4usel. Wir sind ein breitensportlich orientierter Verein der interessierte Sch\u00fcler, Jugendliche und Erwachsene an den &hellip; <\/p>\n<p class=\"link-more\"><a href=\"https:\/\/sgneuhaeusel.de\/?page_id=1387\" class=\"more-link\"><span class=\"screen-reader-text\">\u201eAbteilung Badminton\u201c <\/span>weiterlesen<\/a><\/p>\n","protected":false},"author":1,"featured_media":0,"parent":0,"menu_order":1,"comment_status":"closed","ping_status":"closed","template":"","meta":{"ngg_post_thumbnail":0,"iawp_total_views":694,"footnotes":""},"class_list":["post-1387","page","type-page","status-publish","hentry"],"jetpack_sharing_enabled":true,"_links":{"self":[{"href":"https:\/\/sgneuhaeusel.de\/index.php?rest_route=\/wp\/v2\/pages\/1387","targetHints":{"allow":["GET"]}}],"collection":[{"href":"https:\/\/sgneuhaeusel.de\/index.php?rest_route=\/wp\/v2\/pages"}],"about":[{"href":"https:\/\/sgneuhaeusel.de\/index.php?rest_route=\/wp\/v2\/types\/page"}],"author":[{"embeddable":true,"href":"https:\/\/sgneuhaeusel.de\/index.php?rest_route=\/wp\/v2\/users\/1"}],"replies":[{"embeddable":true,"href":"https:\/\/sgneuhaeusel.de\/index.php?rest_route=%2Fwp%2Fv2%2Fcomments&post=1387"}],"version-history":[{"count":66,"href":"https:\/\/sgneuhaeusel.de\/index.php?rest_route=\/wp\/v2\/pages\/1387\/revisions"}],"predecessor-version":[{"id":2510,"href":"https:\/\/sgneuhaeusel.de\/index.php?rest_route=\/wp\/v2\/pages\/1387\/revisions\/2510"}],"wp:attachment":[{"href":"https:\/\/sgneuhaeusel.de\/index.php?rest_route=%2Fwp%2Fv2%2Fmedia&parent=1387"}],"curies":[{"name":"wp","href":"https:\/\/api.w.org\/{rel}","templated":true}]}}